{"id":5664,"date":"2025-05-07T15:18:31","date_gmt":"2025-05-07T13:18:31","guid":{"rendered":"https:\/\/gbb.bzh\/abadenn\/anna-preden\/"},"modified":"2026-04-11T23:42:35","modified_gmt":"2026-04-11T21:42:35","slug":"anna-preden","status":"publish","type":"abadenn","link":"https:\/\/gbb.bzh\/fr\/abadenn\/anna-preden\/","title":{"rendered":"TANORK"},"content":{"rendered":"","protected":false},"excerpt":{"rendered":"","protected":false},"featured_media":6398,"template":"","meta":{"_acf_changed":false},"deiziad":[203],"rummad_gbb":[201],"class_list":["post-5664","abadenn","type-abadenn","status-publish","has-post-thumbnail","hentry","deiziad-04-07-fr","rummad_gbb-concerts"],"acf":[],"yoast_head":"<!-- This site is optimized with the Yoast SEO plugin v24.4 - https:\/\/yoast.com\/wordpress\/plugins\/seo\/ -->\n<title>TANORK - GBB<\/title>\n<meta name=\"description\" content=\"Ils ont gagn\u00e9 le Taol La\u00f1s 2025 dans la cath\u00e9gorie pro, nous les retrouverons sur la sc\u00e8ne de GBB le vendredi 26 juin 2026.\" \/>\n<meta name=\"robots\" content=\"index, follow, max-snippet:-1, max-image-preview:large, max-video-preview:-1\" \/>\n<link rel=\"canonical\" href=\"https:\/\/gbb.bzh\/fr\/abadenn\/anna-preden\/\" \/>\n<meta property=\"og:locale\" content=\"fr_FR\" \/>\n<meta property=\"og:type\" content=\"article\" \/>\n<meta property=\"og:title\" content=\"TANORK - GBB\" \/>\n<meta property=\"og:description\" content=\"Ils ont gagn\u00e9 le Taol La\u00f1s 2025 dans la cath\u00e9gorie pro, nous les retrouverons sur la sc\u00e8ne de GBB le vendredi 26 juin 2026.\" \/>\n<meta property=\"og:url\" content=\"https:\/\/gbb.bzh\/fr\/abadenn\/anna-preden\/\" \/>\n<meta property=\"og:site_name\" content=\"GBB\" \/>\n<meta property=\"article:modified_time\" content=\"2026-04-11T21:42:35+00:00\" \/>\n<meta property=\"og:image\" content=\"https:\/\/gbb.bzh\/wp-content\/uploads\/PROG-TANORK-819x1024.png\" \/>\n\t<meta property=\"og:image:width\" content=\"819\" \/>\n\t<meta property=\"og:image:height\" content=\"1024\" \/>\n\t<meta property=\"og:image:type\" content=\"image\/png\" \/>\n<meta name=\"twitter:card\" content=\"summary_large_image\" \/>\n<script type=\"application\/ld+json\" class=\"yoast-schema-graph\">{\"@context\":\"https:\/\/schema.org\",\"@graph\":[{\"@type\":\"WebPage\",\"@id\":\"https:\/\/gbb.bzh\/fr\/abadenn\/anna-preden\/\",\"url\":\"https:\/\/gbb.bzh\/fr\/abadenn\/anna-preden\/\",\"name\":\"TANORK - GBB\",\"isPartOf\":{\"@id\":\"https:\/\/gbb.bzh\/#website\"},\"primaryImageOfPage\":{\"@id\":\"https:\/\/gbb.bzh\/fr\/abadenn\/anna-preden\/#primaryimage\"},\"image\":{\"@id\":\"https:\/\/gbb.bzh\/fr\/abadenn\/anna-preden\/#primaryimage\"},\"thumbnailUrl\":\"https:\/\/gbb.bzh\/wp-content\/uploads\/PROG-TANORK.png\",\"datePublished\":\"2025-05-07T13:18:31+00:00\",\"dateModified\":\"2026-04-11T21:42:35+00:00\",\"description\":\"Ils ont gagn\u00e9 le Taol La\u00f1s 2025 dans la cath\u00e9gorie pro, nous les retrouverons sur la sc\u00e8ne de GBB le vendredi 26 juin 2026.\",\"breadcrumb\":{\"@id\":\"https:\/\/gbb.bzh\/fr\/abadenn\/anna-preden\/#breadcrumb\"},\"inLanguage\":\"fr\",\"potentialAction\":[{\"@type\":\"ReadAction\",\"target\":[\"https:\/\/gbb.bzh\/fr\/abadenn\/anna-preden\/\"]}]},{\"@type\":\"ImageObject\",\"inLanguage\":\"fr\",\"@id\":\"https:\/\/gbb.bzh\/fr\/abadenn\/anna-preden\/#primaryimage\",\"url\":\"https:\/\/gbb.bzh\/wp-content\/uploads\/PROG-TANORK.png\",\"contentUrl\":\"https:\/\/gbb.bzh\/wp-content\/uploads\/PROG-TANORK.png\",\"width\":1080,\"height\":1350},{\"@type\":\"BreadcrumbList\",\"@id\":\"https:\/\/gbb.bzh\/fr\/abadenn\/anna-preden\/#breadcrumb\",\"itemListElement\":[{\"@type\":\"ListItem\",\"position\":1,\"name\":\"Home\",\"item\":\"https:\/\/gbb.bzh\/\"},{\"@type\":\"ListItem\",\"position\":2,\"name\":\"TANORK\"}]},{\"@type\":\"WebSite\",\"@id\":\"https:\/\/gbb.bzh\/#website\",\"url\":\"https:\/\/gbb.bzh\/\",\"name\":\"GBB\",\"description\":\"Gouel Broadel ar Brezhoneg\",\"publisher\":{\"@id\":\"https:\/\/gbb.bzh\/#organization\"},\"potentialAction\":[{\"@type\":\"SearchAction\",\"target\":{\"@type\":\"EntryPoint\",\"urlTemplate\":\"https:\/\/gbb.bzh\/?s={search_term_string}\"},\"query-input\":{\"@type\":\"PropertyValueSpecification\",\"valueRequired\":true,\"valueName\":\"search_term_string\"}}],\"inLanguage\":\"fr\"},{\"@type\":\"Organization\",\"@id\":\"https:\/\/gbb.bzh\/#organization\",\"name\":\"GBB\",\"url\":\"https:\/\/gbb.bzh\/\",\"logo\":{\"@type\":\"ImageObject\",\"inLanguage\":\"fr\",\"@id\":\"https:\/\/gbb.bzh\/#\/schema\/logo\/image\/\",\"url\":\"https:\/\/gbb.bzh\/wp-content\/uploads\/2022\/07\/GBB25_logo-gwenn.png\",\"contentUrl\":\"https:\/\/gbb.bzh\/wp-content\/uploads\/2022\/07\/GBB25_logo-gwenn.png\",\"width\":6775,\"height\":3905,\"caption\":\"GBB\"},\"image\":{\"@id\":\"https:\/\/gbb.bzh\/#\/schema\/logo\/image\/\"}}]}<\/script>\n<!-- \/ Yoast SEO plugin. -->","yoast_head_json":{"title":"TANORK - GBB","description":"Ils ont gagn\u00e9 le Taol La\u00f1s 2025 dans la cath\u00e9gorie pro, nous les retrouverons sur la sc\u00e8ne de GBB le vendredi 26 juin 2026.","robots":{"index":"index","follow":"follow","max-snippet":"max-snippet:-1","max-image-preview":"max-image-preview:large","max-video-preview":"max-video-preview:-1"},"canonical":"https:\/\/gbb.bzh\/fr\/abadenn\/anna-preden\/","og_locale":"fr_FR","og_type":"article","og_title":"TANORK - GBB","og_description":"Ils ont gagn\u00e9 le Taol La\u00f1s 2025 dans la cath\u00e9gorie pro, nous les retrouverons sur la sc\u00e8ne de GBB le vendredi 26 juin 2026.","og_url":"https:\/\/gbb.bzh\/fr\/abadenn\/anna-preden\/","og_site_name":"GBB","article_modified_time":"2026-04-11T21:42:35+00:00","og_image":[{"width":819,"height":1024,"url":"https:\/\/gbb.bzh\/wp-content\/uploads\/PROG-TANORK-819x1024.png","type":"image\/png"}],"twitter_card":"summary_large_image","schema":{"@context":"https:\/\/schema.org","@graph":[{"@type":"WebPage","@id":"https:\/\/gbb.bzh\/fr\/abadenn\/anna-preden\/","url":"https:\/\/gbb.bzh\/fr\/abadenn\/anna-preden\/","name":"TANORK - GBB","isPartOf":{"@id":"https:\/\/gbb.bzh\/#website"},"primaryImageOfPage":{"@id":"https:\/\/gbb.bzh\/fr\/abadenn\/anna-preden\/#primaryimage"},"image":{"@id":"https:\/\/gbb.bzh\/fr\/abadenn\/anna-preden\/#primaryimage"},"thumbnailUrl":"https:\/\/gbb.bzh\/wp-content\/uploads\/PROG-TANORK.png","datePublished":"2025-05-07T13:18:31+00:00","dateModified":"2026-04-11T21:42:35+00:00","description":"Ils ont gagn\u00e9 le Taol La\u00f1s 2025 dans la cath\u00e9gorie pro, nous les retrouverons sur la sc\u00e8ne de GBB le vendredi 26 juin 2026.","breadcrumb":{"@id":"https:\/\/gbb.bzh\/fr\/abadenn\/anna-preden\/#breadcrumb"},"inLanguage":"fr","potentialAction":[{"@type":"ReadAction","target":["https:\/\/gbb.bzh\/fr\/abadenn\/anna-preden\/"]}]},{"@type":"ImageObject","inLanguage":"fr","@id":"https:\/\/gbb.bzh\/fr\/abadenn\/anna-preden\/#primaryimage","url":"https:\/\/gbb.bzh\/wp-content\/uploads\/PROG-TANORK.png","contentUrl":"https:\/\/gbb.bzh\/wp-content\/uploads\/PROG-TANORK.png","width":1080,"height":1350},{"@type":"BreadcrumbList","@id":"https:\/\/gbb.bzh\/fr\/abadenn\/anna-preden\/#breadcrumb","itemListElement":[{"@type":"ListItem","position":1,"name":"Home","item":"https:\/\/gbb.bzh\/"},{"@type":"ListItem","position":2,"name":"TANORK"}]},{"@type":"WebSite","@id":"https:\/\/gbb.bzh\/#website","url":"https:\/\/gbb.bzh\/","name":"GBB","description":"Gouel Broadel ar Brezhoneg","publisher":{"@id":"https:\/\/gbb.bzh\/#organization"},"potentialAction":[{"@type":"SearchAction","target":{"@type":"EntryPoint","urlTemplate":"https:\/\/gbb.bzh\/?s={search_term_string}"},"query-input":{"@type":"PropertyValueSpecification","valueRequired":true,"valueName":"search_term_string"}}],"inLanguage":"fr"},{"@type":"Organization","@id":"https:\/\/gbb.bzh\/#organization","name":"GBB","url":"https:\/\/gbb.bzh\/","logo":{"@type":"ImageObject","inLanguage":"fr","@id":"https:\/\/gbb.bzh\/#\/schema\/logo\/image\/","url":"https:\/\/gbb.bzh\/wp-content\/uploads\/2022\/07\/GBB25_logo-gwenn.png","contentUrl":"https:\/\/gbb.bzh\/wp-content\/uploads\/2022\/07\/GBB25_logo-gwenn.png","width":6775,"height":3905,"caption":"GBB"},"image":{"@id":"https:\/\/gbb.bzh\/#\/schema\/logo\/image\/"}}]}},"_links":{"self":[{"href":"https:\/\/gbb.bzh\/fr\/wp-json\/wp\/v2\/abadenn\/5664","targetHints":{"allow":["GET"]}}],"collection":[{"href":"https:\/\/gbb.bzh\/fr\/wp-json\/wp\/v2\/abadenn"}],"about":[{"href":"https:\/\/gbb.bzh\/fr\/wp-json\/wp\/v2\/types\/abadenn"}],"wp:featuredmedia":[{"embeddable":true,"href":"https:\/\/gbb.bzh\/fr\/wp-json\/wp\/v2\/media\/6398"}],"wp:attachment":[{"href":"https:\/\/gbb.bzh\/fr\/wp-json\/wp\/v2\/media?parent=5664"}],"wp:term":[{"taxonomy":"deiziad","embeddable":true,"href":"https:\/\/gbb.bzh\/fr\/wp-json\/wp\/v2\/deiziad?post=5664"},{"taxonomy":"rummad_gbb","embeddable":true,"href":"https:\/\/gbb.bzh\/fr\/wp-json\/wp\/v2\/rummad_gbb?post=5664"}],"curies":[{"name":"wp","href":"https:\/\/api.w.org\/{rel}","templated":true}]}}

<!-- This site is optimized with the Yoast SEO plugin v24.4 - https://yoast.com/wordpress/plugins/seo/ -->
<title>TANORK - GBB</title>
<meta name="description" content="Ils ont gagné le Taol Lañs 2025 dans la cathégorie pro, nous les retrouverons sur la scène de GBB le vendredi 26 juin 2026." />
<meta name="robots" content="index, follow, max-snippet:-1, max-image-preview:large, max-video-preview:-1" />
<link rel="canonical" href="https://gbb.bzh/fr/abadenn/anna-preden/" />
<meta property="og:locale" content="fr_FR" />
<meta property="og:type" content="article" />
<meta property="og:title" content="TANORK - GBB" />
<meta property="og:description" content="Ils ont gagné le Taol Lañs 2025 dans la cathégorie pro, nous les retrouverons sur la scène de GBB le vendredi 26 juin 2026." />
<meta property="og:url" content="https://gbb.bzh/fr/abadenn/anna-preden/" />
<meta property="og:site_name" content="GBB" />
<meta property="article:modified_time" content="2026-04-11T21:42:35+00:00" />
<meta property="og:image" content="https://gbb.bzh/wp-content/uploads/PROG-TANORK-819x1024.png" />
	<meta property="og:image:width" content="819" />
	<meta property="og:image:height" content="1024" />
	<meta property="og:image:type" content="image/png" />
<meta name="twitter:card" content="summary_large_image" />
<script type="application/ld+json" class="yoast-schema-graph">{"@context":"https://schema.org","@graph":[{"@type":"WebPage","@id":"https://gbb.bzh/fr/abadenn/anna-preden/","url":"https://gbb.bzh/fr/abadenn/anna-preden/","name":"TANORK - GBB","isPartOf":{"@id":"https://gbb.bzh/#website"},"primaryImageOfPage":{"@id":"https://gbb.bzh/fr/abadenn/anna-preden/#primaryimage"},"image":{"@id":"https://gbb.bzh/fr/abadenn/anna-preden/#primaryimage"},"thumbnailUrl":"https://gbb.bzh/wp-content/uploads/PROG-TANORK.png","datePublished":"2025-05-07T13:18:31+00:00","dateModified":"2026-04-11T21:42:35+00:00","description":"Ils ont gagné le Taol Lañs 2025 dans la cathégorie pro, nous les retrouverons sur la scène de GBB le vendredi 26 juin 2026.","breadcrumb":{"@id":"https://gbb.bzh/fr/abadenn/anna-preden/#breadcrumb"},"inLanguage":"fr","potentialAction":[{"@type":"ReadAction","target":["https://gbb.bzh/fr/abadenn/anna-preden/"]}]},{"@type":"ImageObject","inLanguage":"fr","@id":"https://gbb.bzh/fr/abadenn/anna-preden/#primaryimage","url":"https://gbb.bzh/wp-content/uploads/PROG-TANORK.png","contentUrl":"https://gbb.bzh/wp-content/uploads/PROG-TANORK.png","width":1080,"height":1350},{"@type":"BreadcrumbList","@id":"https://gbb.bzh/fr/abadenn/anna-preden/#breadcrumb","itemListElement":[{"@type":"ListItem","position":1,"name":"Home","item":"https://gbb.bzh/"},{"@type":"ListItem","position":2,"name":"TANORK"}]},{"@type":"WebSite","@id":"https://gbb.bzh/#website","url":"https://gbb.bzh/","name":"GBB","description":"Gouel Broadel ar Brezhoneg","publisher":{"@id":"https://gbb.bzh/#organization"},"potentialAction":[{"@type":"SearchAction","target":{"@type":"EntryPoint","urlTemplate":"https://gbb.bzh/?s={search_term_string}"},"query-input":{"@type":"PropertyValueSpecification","valueRequired":true,"valueName":"search_term_string"}}],"inLanguage":"fr"},{"@type":"Organization","@id":"https://gbb.bzh/#organization","name":"GBB","url":"https://gbb.bzh/","logo":{"@type":"ImageObject","inLanguage":"fr","@id":"https://gbb.bzh/#/schema/logo/image/","url":"https://gbb.bzh/wp-content/uploads/2022/07/GBB25_logo-gwenn.png","contentUrl":"https://gbb.bzh/wp-content/uploads/2022/07/GBB25_logo-gwenn.png","width":6775,"height":3905,"caption":"GBB"},"image":{"@id":"https://gbb.bzh/#/schema/logo/image/"}}]}</script>
<!-- / Yoast SEO plugin. -->

Ils ont gagné le Taol Lañs 2025 dans la cathégorie pro, nous les retrouverons sur la scène de GBB le vendredi 26 juin 2026.
