{"id":5629,"date":"2025-05-07T11:48:01","date_gmt":"2025-05-07T09:48:01","guid":{"rendered":"https:\/\/gbb.bzh\/abadenn\/kaouenned\/"},"modified":"2026-04-08T16:40:35","modified_gmt":"2026-04-08T14:40:35","slug":"kaouenned","status":"publish","type":"abadenn","link":"https:\/\/gbb.bzh\/fr\/abadenn\/kaouenned\/","title":{"rendered":"AN ABHAIN"},"content":{"rendered":"","protected":false},"excerpt":{"rendered":"","protected":false},"featured_media":6411,"template":"","meta":{"_acf_changed":false},"deiziad":[202],"rummad_gbb":[201],"class_list":["post-5629","abadenn","type-abadenn","status-publish","has-post-thumbnail","hentry","deiziad-05-07-fr","rummad_gbb-concerts"],"acf":[],"yoast_head":"<!-- This site is optimized with the Yoast SEO plugin v24.4 - https:\/\/yoast.com\/wordpress\/plugins\/seo\/ -->\n<title>AN ABHAIN - GBB<\/title>\n<meta name=\"description\" content=\"Laur\u00e9ate du Taol La\u00f1s 2025 dans la cat\u00e9gorie Dazont, retrouvez An Abhain sur la sc\u00e8ne de GBB le samedi 27 juin 2026 !\" \/>\n<meta name=\"robots\" content=\"index, follow, max-snippet:-1, max-image-preview:large, max-video-preview:-1\" \/>\n<link rel=\"canonical\" href=\"https:\/\/gbb.bzh\/fr\/abadenn\/kaouenned\/\" \/>\n<meta property=\"og:locale\" content=\"fr_FR\" \/>\n<meta property=\"og:type\" content=\"article\" \/>\n<meta property=\"og:title\" content=\"AN ABHAIN - GBB\" \/>\n<meta property=\"og:description\" content=\"Laur\u00e9ate du Taol La\u00f1s 2025 dans la cat\u00e9gorie Dazont, retrouvez An Abhain sur la sc\u00e8ne de GBB le samedi 27 juin 2026 !\" \/>\n<meta property=\"og:url\" content=\"https:\/\/gbb.bzh\/fr\/abadenn\/kaouenned\/\" \/>\n<meta property=\"og:site_name\" content=\"GBB\" \/>\n<meta property=\"article:modified_time\" content=\"2026-04-08T14:40:35+00:00\" \/>\n<meta property=\"og:image\" content=\"https:\/\/gbb.bzh\/wp-content\/uploads\/PROG-AN-ABHAIN.png\" \/>\n\t<meta property=\"og:image:width\" content=\"1080\" \/>\n\t<meta property=\"og:image:height\" content=\"1350\" \/>\n\t<meta property=\"og:image:type\" content=\"image\/png\" \/>\n<meta name=\"twitter:card\" content=\"summary_large_image\" \/>\n<script type=\"application\/ld+json\" class=\"yoast-schema-graph\">{\"@context\":\"https:\/\/schema.org\",\"@graph\":[{\"@type\":\"WebPage\",\"@id\":\"https:\/\/gbb.bzh\/fr\/abadenn\/kaouenned\/\",\"url\":\"https:\/\/gbb.bzh\/fr\/abadenn\/kaouenned\/\",\"name\":\"AN ABHAIN - GBB\",\"isPartOf\":{\"@id\":\"https:\/\/gbb.bzh\/#website\"},\"primaryImageOfPage\":{\"@id\":\"https:\/\/gbb.bzh\/fr\/abadenn\/kaouenned\/#primaryimage\"},\"image\":{\"@id\":\"https:\/\/gbb.bzh\/fr\/abadenn\/kaouenned\/#primaryimage\"},\"thumbnailUrl\":\"https:\/\/gbb.bzh\/wp-content\/uploads\/PROG-AN-ABHAIN.png\",\"datePublished\":\"2025-05-07T09:48:01+00:00\",\"dateModified\":\"2026-04-08T14:40:35+00:00\",\"description\":\"Laur\u00e9ate du Taol La\u00f1s 2025 dans la cat\u00e9gorie Dazont, retrouvez An Abhain sur la sc\u00e8ne de GBB le samedi 27 juin 2026 !\",\"breadcrumb\":{\"@id\":\"https:\/\/gbb.bzh\/fr\/abadenn\/kaouenned\/#breadcrumb\"},\"inLanguage\":\"fr\",\"potentialAction\":[{\"@type\":\"ReadAction\",\"target\":[\"https:\/\/gbb.bzh\/fr\/abadenn\/kaouenned\/\"]}]},{\"@type\":\"ImageObject\",\"inLanguage\":\"fr\",\"@id\":\"https:\/\/gbb.bzh\/fr\/abadenn\/kaouenned\/#primaryimage\",\"url\":\"https:\/\/gbb.bzh\/wp-content\/uploads\/PROG-AN-ABHAIN.png\",\"contentUrl\":\"https:\/\/gbb.bzh\/wp-content\/uploads\/PROG-AN-ABHAIN.png\",\"width\":1080,\"height\":1350},{\"@type\":\"BreadcrumbList\",\"@id\":\"https:\/\/gbb.bzh\/fr\/abadenn\/kaouenned\/#breadcrumb\",\"itemListElement\":[{\"@type\":\"ListItem\",\"position\":1,\"name\":\"Home\",\"item\":\"https:\/\/gbb.bzh\/\"},{\"@type\":\"ListItem\",\"position\":2,\"name\":\"AN ABHAIN\"}]},{\"@type\":\"WebSite\",\"@id\":\"https:\/\/gbb.bzh\/#website\",\"url\":\"https:\/\/gbb.bzh\/\",\"name\":\"GBB\",\"description\":\"Gouel Broadel ar Brezhoneg\",\"publisher\":{\"@id\":\"https:\/\/gbb.bzh\/#organization\"},\"potentialAction\":[{\"@type\":\"SearchAction\",\"target\":{\"@type\":\"EntryPoint\",\"urlTemplate\":\"https:\/\/gbb.bzh\/?s={search_term_string}\"},\"query-input\":{\"@type\":\"PropertyValueSpecification\",\"valueRequired\":true,\"valueName\":\"search_term_string\"}}],\"inLanguage\":\"fr\"},{\"@type\":\"Organization\",\"@id\":\"https:\/\/gbb.bzh\/#organization\",\"name\":\"GBB\",\"url\":\"https:\/\/gbb.bzh\/\",\"logo\":{\"@type\":\"ImageObject\",\"inLanguage\":\"fr\",\"@id\":\"https:\/\/gbb.bzh\/#\/schema\/logo\/image\/\",\"url\":\"https:\/\/gbb.bzh\/wp-content\/uploads\/2022\/07\/GBB25_logo-gwenn.png\",\"contentUrl\":\"https:\/\/gbb.bzh\/wp-content\/uploads\/2022\/07\/GBB25_logo-gwenn.png\",\"width\":6775,\"height\":3905,\"caption\":\"GBB\"},\"image\":{\"@id\":\"https:\/\/gbb.bzh\/#\/schema\/logo\/image\/\"}}]}<\/script>\n<!-- \/ Yoast SEO plugin. -->","yoast_head_json":{"title":"AN ABHAIN - GBB","description":"Laur\u00e9ate du Taol La\u00f1s 2025 dans la cat\u00e9gorie Dazont, retrouvez An Abhain sur la sc\u00e8ne de GBB le samedi 27 juin 2026 !","robots":{"index":"index","follow":"follow","max-snippet":"max-snippet:-1","max-image-preview":"max-image-preview:large","max-video-preview":"max-video-preview:-1"},"canonical":"https:\/\/gbb.bzh\/fr\/abadenn\/kaouenned\/","og_locale":"fr_FR","og_type":"article","og_title":"AN ABHAIN - GBB","og_description":"Laur\u00e9ate du Taol La\u00f1s 2025 dans la cat\u00e9gorie Dazont, retrouvez An Abhain sur la sc\u00e8ne de GBB le samedi 27 juin 2026 !","og_url":"https:\/\/gbb.bzh\/fr\/abadenn\/kaouenned\/","og_site_name":"GBB","article_modified_time":"2026-04-08T14:40:35+00:00","og_image":[{"width":1080,"height":1350,"url":"https:\/\/gbb.bzh\/wp-content\/uploads\/PROG-AN-ABHAIN.png","type":"image\/png"}],"twitter_card":"summary_large_image","schema":{"@context":"https:\/\/schema.org","@graph":[{"@type":"WebPage","@id":"https:\/\/gbb.bzh\/fr\/abadenn\/kaouenned\/","url":"https:\/\/gbb.bzh\/fr\/abadenn\/kaouenned\/","name":"AN ABHAIN - GBB","isPartOf":{"@id":"https:\/\/gbb.bzh\/#website"},"primaryImageOfPage":{"@id":"https:\/\/gbb.bzh\/fr\/abadenn\/kaouenned\/#primaryimage"},"image":{"@id":"https:\/\/gbb.bzh\/fr\/abadenn\/kaouenned\/#primaryimage"},"thumbnailUrl":"https:\/\/gbb.bzh\/wp-content\/uploads\/PROG-AN-ABHAIN.png","datePublished":"2025-05-07T09:48:01+00:00","dateModified":"2026-04-08T14:40:35+00:00","description":"Laur\u00e9ate du Taol La\u00f1s 2025 dans la cat\u00e9gorie Dazont, retrouvez An Abhain sur la sc\u00e8ne de GBB le samedi 27 juin 2026 !","breadcrumb":{"@id":"https:\/\/gbb.bzh\/fr\/abadenn\/kaouenned\/#breadcrumb"},"inLanguage":"fr","potentialAction":[{"@type":"ReadAction","target":["https:\/\/gbb.bzh\/fr\/abadenn\/kaouenned\/"]}]},{"@type":"ImageObject","inLanguage":"fr","@id":"https:\/\/gbb.bzh\/fr\/abadenn\/kaouenned\/#primaryimage","url":"https:\/\/gbb.bzh\/wp-content\/uploads\/PROG-AN-ABHAIN.png","contentUrl":"https:\/\/gbb.bzh\/wp-content\/uploads\/PROG-AN-ABHAIN.png","width":1080,"height":1350},{"@type":"BreadcrumbList","@id":"https:\/\/gbb.bzh\/fr\/abadenn\/kaouenned\/#breadcrumb","itemListElement":[{"@type":"ListItem","position":1,"name":"Home","item":"https:\/\/gbb.bzh\/"},{"@type":"ListItem","position":2,"name":"AN ABHAIN"}]},{"@type":"WebSite","@id":"https:\/\/gbb.bzh\/#website","url":"https:\/\/gbb.bzh\/","name":"GBB","description":"Gouel Broadel ar Brezhoneg","publisher":{"@id":"https:\/\/gbb.bzh\/#organization"},"potentialAction":[{"@type":"SearchAction","target":{"@type":"EntryPoint","urlTemplate":"https:\/\/gbb.bzh\/?s={search_term_string}"},"query-input":{"@type":"PropertyValueSpecification","valueRequired":true,"valueName":"search_term_string"}}],"inLanguage":"fr"},{"@type":"Organization","@id":"https:\/\/gbb.bzh\/#organization","name":"GBB","url":"https:\/\/gbb.bzh\/","logo":{"@type":"ImageObject","inLanguage":"fr","@id":"https:\/\/gbb.bzh\/#\/schema\/logo\/image\/","url":"https:\/\/gbb.bzh\/wp-content\/uploads\/2022\/07\/GBB25_logo-gwenn.png","contentUrl":"https:\/\/gbb.bzh\/wp-content\/uploads\/2022\/07\/GBB25_logo-gwenn.png","width":6775,"height":3905,"caption":"GBB"},"image":{"@id":"https:\/\/gbb.bzh\/#\/schema\/logo\/image\/"}}]}},"_links":{"self":[{"href":"https:\/\/gbb.bzh\/fr\/wp-json\/wp\/v2\/abadenn\/5629","targetHints":{"allow":["GET"]}}],"collection":[{"href":"https:\/\/gbb.bzh\/fr\/wp-json\/wp\/v2\/abadenn"}],"about":[{"href":"https:\/\/gbb.bzh\/fr\/wp-json\/wp\/v2\/types\/abadenn"}],"wp:featuredmedia":[{"embeddable":true,"href":"https:\/\/gbb.bzh\/fr\/wp-json\/wp\/v2\/media\/6411"}],"wp:attachment":[{"href":"https:\/\/gbb.bzh\/fr\/wp-json\/wp\/v2\/media?parent=5629"}],"wp:term":[{"taxonomy":"deiziad","embeddable":true,"href":"https:\/\/gbb.bzh\/fr\/wp-json\/wp\/v2\/deiziad?post=5629"},{"taxonomy":"rummad_gbb","embeddable":true,"href":"https:\/\/gbb.bzh\/fr\/wp-json\/wp\/v2\/rummad_gbb?post=5629"}],"curies":[{"name":"wp","href":"https:\/\/api.w.org\/{rel}","templated":true}]}}

<!-- This site is optimized with the Yoast SEO plugin v24.4 - https://yoast.com/wordpress/plugins/seo/ -->
<title>AN ABHAIN - GBB</title>
<meta name="description" content="Lauréate du Taol Lañs 2025 dans la catégorie Dazont, retrouvez An Abhain sur la scène de GBB le samedi 27 juin 2026 !" />
<meta name="robots" content="index, follow, max-snippet:-1, max-image-preview:large, max-video-preview:-1" />
<link rel="canonical" href="https://gbb.bzh/fr/abadenn/kaouenned/" />
<meta property="og:locale" content="fr_FR" />
<meta property="og:type" content="article" />
<meta property="og:title" content="AN ABHAIN - GBB" />
<meta property="og:description" content="Lauréate du Taol Lañs 2025 dans la catégorie Dazont, retrouvez An Abhain sur la scène de GBB le samedi 27 juin 2026 !" />
<meta property="og:url" content="https://gbb.bzh/fr/abadenn/kaouenned/" />
<meta property="og:site_name" content="GBB" />
<meta property="article:modified_time" content="2026-04-08T14:40:35+00:00" />
<meta property="og:image" content="https://gbb.bzh/wp-content/uploads/PROG-AN-ABHAIN.png" />
	<meta property="og:image:width" content="1080" />
	<meta property="og:image:height" content="1350" />
	<meta property="og:image:type" content="image/png" />
<meta name="twitter:card" content="summary_large_image" />
<script type="application/ld+json" class="yoast-schema-graph">{"@context":"https://schema.org","@graph":[{"@type":"WebPage","@id":"https://gbb.bzh/fr/abadenn/kaouenned/","url":"https://gbb.bzh/fr/abadenn/kaouenned/","name":"AN ABHAIN - GBB","isPartOf":{"@id":"https://gbb.bzh/#website"},"primaryImageOfPage":{"@id":"https://gbb.bzh/fr/abadenn/kaouenned/#primaryimage"},"image":{"@id":"https://gbb.bzh/fr/abadenn/kaouenned/#primaryimage"},"thumbnailUrl":"https://gbb.bzh/wp-content/uploads/PROG-AN-ABHAIN.png","datePublished":"2025-05-07T09:48:01+00:00","dateModified":"2026-04-08T14:40:35+00:00","description":"Lauréate du Taol Lañs 2025 dans la catégorie Dazont, retrouvez An Abhain sur la scène de GBB le samedi 27 juin 2026 !","breadcrumb":{"@id":"https://gbb.bzh/fr/abadenn/kaouenned/#breadcrumb"},"inLanguage":"fr","potentialAction":[{"@type":"ReadAction","target":["https://gbb.bzh/fr/abadenn/kaouenned/"]}]},{"@type":"ImageObject","inLanguage":"fr","@id":"https://gbb.bzh/fr/abadenn/kaouenned/#primaryimage","url":"https://gbb.bzh/wp-content/uploads/PROG-AN-ABHAIN.png","contentUrl":"https://gbb.bzh/wp-content/uploads/PROG-AN-ABHAIN.png","width":1080,"height":1350},{"@type":"BreadcrumbList","@id":"https://gbb.bzh/fr/abadenn/kaouenned/#breadcrumb","itemListElement":[{"@type":"ListItem","position":1,"name":"Home","item":"https://gbb.bzh/"},{"@type":"ListItem","position":2,"name":"AN ABHAIN"}]},{"@type":"WebSite","@id":"https://gbb.bzh/#website","url":"https://gbb.bzh/","name":"GBB","description":"Gouel Broadel ar Brezhoneg","publisher":{"@id":"https://gbb.bzh/#organization"},"potentialAction":[{"@type":"SearchAction","target":{"@type":"EntryPoint","urlTemplate":"https://gbb.bzh/?s={search_term_string}"},"query-input":{"@type":"PropertyValueSpecification","valueRequired":true,"valueName":"search_term_string"}}],"inLanguage":"fr"},{"@type":"Organization","@id":"https://gbb.bzh/#organization","name":"GBB","url":"https://gbb.bzh/","logo":{"@type":"ImageObject","inLanguage":"fr","@id":"https://gbb.bzh/#/schema/logo/image/","url":"https://gbb.bzh/wp-content/uploads/2022/07/GBB25_logo-gwenn.png","contentUrl":"https://gbb.bzh/wp-content/uploads/2022/07/GBB25_logo-gwenn.png","width":6775,"height":3905,"caption":"GBB"},"image":{"@id":"https://gbb.bzh/#/schema/logo/image/"}}]}</script>
<!-- / Yoast SEO plugin. -->

Lauréate du Taol Lañs 2025 dans la catégorie Dazont, retrouvez An Abhain sur la scène de GBB le samedi 27 juin 2026 !
