{"id":6964,"date":"2026-05-01T17:55:32","date_gmt":"2026-05-01T15:55:32","guid":{"rendered":"https:\/\/gbb.bzh\/?post_type=abadenn&#038;p=6964"},"modified":"2026-05-01T17:55:34","modified_gmt":"2026-05-01T15:55:34","slug":"tanva-dar-brezhoneg","status":"publish","type":"abadenn","link":"https:\/\/gbb.bzh\/en\/abadenn\/tanva-dar-brezhoneg\/","title":{"rendered":"TA\u00d1VA D&#8217;AR BREZHONEG"},"content":{"rendered":"","protected":false},"excerpt":{"rendered":"","protected":false},"featured_media":6965,"template":"","meta":{"_acf_changed":true},"deiziad":[187,189],"rummad_gbb":[],"class_list":["post-6964","abadenn","type-abadenn","status-publish","has-post-thumbnail","hentry","deiziad-27-06","deiziad-28-06"],"acf":[],"yoast_head":"<!-- This site is optimized with the Yoast SEO plugin v24.4 - https:\/\/yoast.com\/wordpress\/plugins\/seo\/ -->\n<title>TA\u00d1VA D&#039;AR BREZHONEG - GBB<\/title>\n<meta name=\"description\" content=\"E GBB e vo kinniget prantado\u00f9 ta\u00f1va d&#039;ar brezhoneg, d&#039;an derouaidi, pe tud \u00e9 kroga\u00f1 gant ar brezhoneg, emgav war stand Ti ar Vro Kemperle !\" \/>\n<meta name=\"robots\" content=\"index, follow, max-snippet:-1, max-image-preview:large, max-video-preview:-1\" \/>\n<link rel=\"canonical\" href=\"https:\/\/gbb.bzh\/abadenn\/tanva-dar-brezhoneg\/\" \/>\n<meta property=\"og:locale\" content=\"en_US\" \/>\n<meta property=\"og:type\" content=\"article\" \/>\n<meta property=\"og:title\" content=\"TA\u00d1VA D&#039;AR BREZHONEG - GBB\" \/>\n<meta property=\"og:description\" content=\"E GBB e vo kinniget prantado\u00f9 ta\u00f1va d&#039;ar brezhoneg, d&#039;an derouaidi, pe tud \u00e9 kroga\u00f1 gant ar brezhoneg, emgav war stand Ti ar Vro Kemperle !\" \/>\n<meta property=\"og:url\" content=\"https:\/\/gbb.bzh\/abadenn\/tanva-dar-brezhoneg\/\" \/>\n<meta property=\"og:site_name\" content=\"GBB\" \/>\n<meta property=\"article:modified_time\" content=\"2026-05-01T15:55:34+00:00\" \/>\n<meta property=\"og:image\" content=\"https:\/\/gbb.bzh\/wp-content\/uploads\/PROG-TANVA-DAR-BREZHONEG.png\" \/>\n\t<meta property=\"og:image:width\" content=\"1080\" \/>\n\t<meta property=\"og:image:height\" content=\"1350\" \/>\n\t<meta property=\"og:image:type\" content=\"image\/png\" \/>\n<meta name=\"twitter:card\" content=\"summary_large_image\" \/>\n<meta name=\"twitter:label1\" content=\"Est. reading time\" \/>\n\t<meta name=\"twitter:data1\" content=\"1 minute\" \/>\n<script type=\"application\/ld+json\" class=\"yoast-schema-graph\">{\"@context\":\"https:\/\/schema.org\",\"@graph\":[{\"@type\":\"WebPage\",\"@id\":\"https:\/\/gbb.bzh\/abadenn\/tanva-dar-brezhoneg\/\",\"url\":\"https:\/\/gbb.bzh\/abadenn\/tanva-dar-brezhoneg\/\",\"name\":\"TA\u00d1VA D'AR BREZHONEG - GBB\",\"isPartOf\":{\"@id\":\"https:\/\/gbb.bzh\/#website\"},\"primaryImageOfPage\":{\"@id\":\"https:\/\/gbb.bzh\/abadenn\/tanva-dar-brezhoneg\/#primaryimage\"},\"image\":{\"@id\":\"https:\/\/gbb.bzh\/abadenn\/tanva-dar-brezhoneg\/#primaryimage\"},\"thumbnailUrl\":\"https:\/\/gbb.bzh\/wp-content\/uploads\/PROG-TANVA-DAR-BREZHONEG.png\",\"datePublished\":\"2026-05-01T15:55:32+00:00\",\"dateModified\":\"2026-05-01T15:55:34+00:00\",\"description\":\"E GBB e vo kinniget prantado\u00f9 ta\u00f1va d'ar brezhoneg, d'an derouaidi, pe tud \u00e9 kroga\u00f1 gant ar brezhoneg, emgav war stand Ti ar Vro Kemperle !\",\"breadcrumb\":{\"@id\":\"https:\/\/gbb.bzh\/abadenn\/tanva-dar-brezhoneg\/#breadcrumb\"},\"inLanguage\":\"en-US\",\"potentialAction\":[{\"@type\":\"ReadAction\",\"target\":[\"https:\/\/gbb.bzh\/abadenn\/tanva-dar-brezhoneg\/\"]}]},{\"@type\":\"ImageObject\",\"inLanguage\":\"en-US\",\"@id\":\"https:\/\/gbb.bzh\/abadenn\/tanva-dar-brezhoneg\/#primaryimage\",\"url\":\"https:\/\/gbb.bzh\/wp-content\/uploads\/PROG-TANVA-DAR-BREZHONEG.png\",\"contentUrl\":\"https:\/\/gbb.bzh\/wp-content\/uploads\/PROG-TANVA-DAR-BREZHONEG.png\",\"width\":1080,\"height\":1350},{\"@type\":\"BreadcrumbList\",\"@id\":\"https:\/\/gbb.bzh\/abadenn\/tanva-dar-brezhoneg\/#breadcrumb\",\"itemListElement\":[{\"@type\":\"ListItem\",\"position\":1,\"name\":\"Home\",\"item\":\"https:\/\/gbb.bzh\/en\/\"},{\"@type\":\"ListItem\",\"position\":2,\"name\":\"TA\u00d1VA D&rsquo;AR BREZHONEG\"}]},{\"@type\":\"WebSite\",\"@id\":\"https:\/\/gbb.bzh\/#website\",\"url\":\"https:\/\/gbb.bzh\/\",\"name\":\"GBB\",\"description\":\"Gouel Broadel ar Brezhoneg\",\"publisher\":{\"@id\":\"https:\/\/gbb.bzh\/#organization\"},\"potentialAction\":[{\"@type\":\"SearchAction\",\"target\":{\"@type\":\"EntryPoint\",\"urlTemplate\":\"https:\/\/gbb.bzh\/?s={search_term_string}\"},\"query-input\":{\"@type\":\"PropertyValueSpecification\",\"valueRequired\":true,\"valueName\":\"search_term_string\"}}],\"inLanguage\":\"en-US\"},{\"@type\":\"Organization\",\"@id\":\"https:\/\/gbb.bzh\/#organization\",\"name\":\"GBB\",\"url\":\"https:\/\/gbb.bzh\/\",\"logo\":{\"@type\":\"ImageObject\",\"inLanguage\":\"en-US\",\"@id\":\"https:\/\/gbb.bzh\/#\/schema\/logo\/image\/\",\"url\":\"https:\/\/gbb.bzh\/wp-content\/uploads\/2022\/07\/GBB25_logo-gwenn.png\",\"contentUrl\":\"https:\/\/gbb.bzh\/wp-content\/uploads\/2022\/07\/GBB25_logo-gwenn.png\",\"width\":6775,\"height\":3905,\"caption\":\"GBB\"},\"image\":{\"@id\":\"https:\/\/gbb.bzh\/#\/schema\/logo\/image\/\"}}]}<\/script>\n<!-- \/ Yoast SEO plugin. -->","yoast_head_json":{"title":"TA\u00d1VA D'AR BREZHONEG - GBB","description":"E GBB e vo kinniget prantado\u00f9 ta\u00f1va d'ar brezhoneg, d'an derouaidi, pe tud \u00e9 kroga\u00f1 gant ar brezhoneg, emgav war stand Ti ar Vro Kemperle !","robots":{"index":"index","follow":"follow","max-snippet":"max-snippet:-1","max-image-preview":"max-image-preview:large","max-video-preview":"max-video-preview:-1"},"canonical":"https:\/\/gbb.bzh\/abadenn\/tanva-dar-brezhoneg\/","og_locale":"en_US","og_type":"article","og_title":"TA\u00d1VA D'AR BREZHONEG - GBB","og_description":"E GBB e vo kinniget prantado\u00f9 ta\u00f1va d'ar brezhoneg, d'an derouaidi, pe tud \u00e9 kroga\u00f1 gant ar brezhoneg, emgav war stand Ti ar Vro Kemperle !","og_url":"https:\/\/gbb.bzh\/abadenn\/tanva-dar-brezhoneg\/","og_site_name":"GBB","article_modified_time":"2026-05-01T15:55:34+00:00","og_image":[{"width":1080,"height":1350,"url":"https:\/\/gbb.bzh\/wp-content\/uploads\/PROG-TANVA-DAR-BREZHONEG.png","type":"image\/png"}],"twitter_card":"summary_large_image","twitter_misc":{"Est. reading time":"1 minute"},"schema":{"@context":"https:\/\/schema.org","@graph":[{"@type":"WebPage","@id":"https:\/\/gbb.bzh\/abadenn\/tanva-dar-brezhoneg\/","url":"https:\/\/gbb.bzh\/abadenn\/tanva-dar-brezhoneg\/","name":"TA\u00d1VA D'AR BREZHONEG - GBB","isPartOf":{"@id":"https:\/\/gbb.bzh\/#website"},"primaryImageOfPage":{"@id":"https:\/\/gbb.bzh\/abadenn\/tanva-dar-brezhoneg\/#primaryimage"},"image":{"@id":"https:\/\/gbb.bzh\/abadenn\/tanva-dar-brezhoneg\/#primaryimage"},"thumbnailUrl":"https:\/\/gbb.bzh\/wp-content\/uploads\/PROG-TANVA-DAR-BREZHONEG.png","datePublished":"2026-05-01T15:55:32+00:00","dateModified":"2026-05-01T15:55:34+00:00","description":"E GBB e vo kinniget prantado\u00f9 ta\u00f1va d'ar brezhoneg, d'an derouaidi, pe tud \u00e9 kroga\u00f1 gant ar brezhoneg, emgav war stand Ti ar Vro Kemperle !","breadcrumb":{"@id":"https:\/\/gbb.bzh\/abadenn\/tanva-dar-brezhoneg\/#breadcrumb"},"inLanguage":"en-US","potentialAction":[{"@type":"ReadAction","target":["https:\/\/gbb.bzh\/abadenn\/tanva-dar-brezhoneg\/"]}]},{"@type":"ImageObject","inLanguage":"en-US","@id":"https:\/\/gbb.bzh\/abadenn\/tanva-dar-brezhoneg\/#primaryimage","url":"https:\/\/gbb.bzh\/wp-content\/uploads\/PROG-TANVA-DAR-BREZHONEG.png","contentUrl":"https:\/\/gbb.bzh\/wp-content\/uploads\/PROG-TANVA-DAR-BREZHONEG.png","width":1080,"height":1350},{"@type":"BreadcrumbList","@id":"https:\/\/gbb.bzh\/abadenn\/tanva-dar-brezhoneg\/#breadcrumb","itemListElement":[{"@type":"ListItem","position":1,"name":"Home","item":"https:\/\/gbb.bzh\/en\/"},{"@type":"ListItem","position":2,"name":"TA\u00d1VA D&rsquo;AR BREZHONEG"}]},{"@type":"WebSite","@id":"https:\/\/gbb.bzh\/#website","url":"https:\/\/gbb.bzh\/","name":"GBB","description":"Gouel Broadel ar Brezhoneg","publisher":{"@id":"https:\/\/gbb.bzh\/#organization"},"potentialAction":[{"@type":"SearchAction","target":{"@type":"EntryPoint","urlTemplate":"https:\/\/gbb.bzh\/?s={search_term_string}"},"query-input":{"@type":"PropertyValueSpecification","valueRequired":true,"valueName":"search_term_string"}}],"inLanguage":"en-US"},{"@type":"Organization","@id":"https:\/\/gbb.bzh\/#organization","name":"GBB","url":"https:\/\/gbb.bzh\/","logo":{"@type":"ImageObject","inLanguage":"en-US","@id":"https:\/\/gbb.bzh\/#\/schema\/logo\/image\/","url":"https:\/\/gbb.bzh\/wp-content\/uploads\/2022\/07\/GBB25_logo-gwenn.png","contentUrl":"https:\/\/gbb.bzh\/wp-content\/uploads\/2022\/07\/GBB25_logo-gwenn.png","width":6775,"height":3905,"caption":"GBB"},"image":{"@id":"https:\/\/gbb.bzh\/#\/schema\/logo\/image\/"}}]}},"_links":{"self":[{"href":"https:\/\/gbb.bzh\/en\/wp-json\/wp\/v2\/abadenn\/6964","targetHints":{"allow":["GET"]}}],"collection":[{"href":"https:\/\/gbb.bzh\/en\/wp-json\/wp\/v2\/abadenn"}],"about":[{"href":"https:\/\/gbb.bzh\/en\/wp-json\/wp\/v2\/types\/abadenn"}],"wp:featuredmedia":[{"embeddable":true,"href":"https:\/\/gbb.bzh\/en\/wp-json\/wp\/v2\/media\/6965"}],"wp:attachment":[{"href":"https:\/\/gbb.bzh\/en\/wp-json\/wp\/v2\/media?parent=6964"}],"wp:term":[{"taxonomy":"deiziad","embeddable":true,"href":"https:\/\/gbb.bzh\/en\/wp-json\/wp\/v2\/deiziad?post=6964"},{"taxonomy":"rummad_gbb","embeddable":true,"href":"https:\/\/gbb.bzh\/en\/wp-json\/wp\/v2\/rummad_gbb?post=6964"}],"curies":[{"name":"wp","href":"https:\/\/api.w.org\/{rel}","templated":true}]}}

TAÑVA D&#8217;AR BREZHONEG

<!-- This site is optimized with the Yoast SEO plugin v24.4 - https://yoast.com/wordpress/plugins/seo/ -->
<title>TAÑVA D&#039;AR BREZHONEG - GBB</title>
<meta name="description" content="E GBB e vo kinniget prantadoù tañva d&#039;ar brezhoneg, d&#039;an derouaidi, pe tud é krogañ gant ar brezhoneg, emgav war stand Ti ar Vro Kemperle !" />
<meta name="robots" content="index, follow, max-snippet:-1, max-image-preview:large, max-video-preview:-1" />
<link rel="canonical" href="https://gbb.bzh/abadenn/tanva-dar-brezhoneg/" />
<meta property="og:locale" content="en_US" />
<meta property="og:type" content="article" />
<meta property="og:title" content="TAÑVA D&#039;AR BREZHONEG - GBB" />
<meta property="og:description" content="E GBB e vo kinniget prantadoù tañva d&#039;ar brezhoneg, d&#039;an derouaidi, pe tud é krogañ gant ar brezhoneg, emgav war stand Ti ar Vro Kemperle !" />
<meta property="og:url" content="https://gbb.bzh/abadenn/tanva-dar-brezhoneg/" />
<meta property="og:site_name" content="GBB" />
<meta property="article:modified_time" content="2026-05-01T15:55:34+00:00" />
<meta property="og:image" content="https://gbb.bzh/wp-content/uploads/PROG-TANVA-DAR-BREZHONEG.png" />
	<meta property="og:image:width" content="1080" />
	<meta property="og:image:height" content="1350" />
	<meta property="og:image:type" content="image/png" />
<meta name="twitter:card" content="summary_large_image" />
<meta name="twitter:label1" content="Est. reading time" />
	<meta name="twitter:data1" content="1 minute" />
<script type="application/ld+json" class="yoast-schema-graph">{"@context":"https://schema.org","@graph":[{"@type":"WebPage","@id":"https://gbb.bzh/abadenn/tanva-dar-brezhoneg/","url":"https://gbb.bzh/abadenn/tanva-dar-brezhoneg/","name":"TAÑVA D'AR BREZHONEG - GBB","isPartOf":{"@id":"https://gbb.bzh/#website"},"primaryImageOfPage":{"@id":"https://gbb.bzh/abadenn/tanva-dar-brezhoneg/#primaryimage"},"image":{"@id":"https://gbb.bzh/abadenn/tanva-dar-brezhoneg/#primaryimage"},"thumbnailUrl":"https://gbb.bzh/wp-content/uploads/PROG-TANVA-DAR-BREZHONEG.png","datePublished":"2026-05-01T15:55:32+00:00","dateModified":"2026-05-01T15:55:34+00:00","description":"E GBB e vo kinniget prantadoù tañva d'ar brezhoneg, d'an derouaidi, pe tud é krogañ gant ar brezhoneg, emgav war stand Ti ar Vro Kemperle !","breadcrumb":{"@id":"https://gbb.bzh/abadenn/tanva-dar-brezhoneg/#breadcrumb"},"inLanguage":"en-US","potentialAction":[{"@type":"ReadAction","target":["https://gbb.bzh/abadenn/tanva-dar-brezhoneg/"]}]},{"@type":"ImageObject","inLanguage":"en-US","@id":"https://gbb.bzh/abadenn/tanva-dar-brezhoneg/#primaryimage","url":"https://gbb.bzh/wp-content/uploads/PROG-TANVA-DAR-BREZHONEG.png","contentUrl":"https://gbb.bzh/wp-content/uploads/PROG-TANVA-DAR-BREZHONEG.png","width":1080,"height":1350},{"@type":"BreadcrumbList","@id":"https://gbb.bzh/abadenn/tanva-dar-brezhoneg/#breadcrumb","itemListElement":[{"@type":"ListItem","position":1,"name":"Home","item":"https://gbb.bzh/en/"},{"@type":"ListItem","position":2,"name":"TAÑVA D&rsquo;AR BREZHONEG"}]},{"@type":"WebSite","@id":"https://gbb.bzh/#website","url":"https://gbb.bzh/","name":"GBB","description":"Gouel Broadel ar Brezhoneg","publisher":{"@id":"https://gbb.bzh/#organization"},"potentialAction":[{"@type":"SearchAction","target":{"@type":"EntryPoint","urlTemplate":"https://gbb.bzh/?s={search_term_string}"},"query-input":{"@type":"PropertyValueSpecification","valueRequired":true,"valueName":"search_term_string"}}],"inLanguage":"en-US"},{"@type":"Organization","@id":"https://gbb.bzh/#organization","name":"GBB","url":"https://gbb.bzh/","logo":{"@type":"ImageObject","inLanguage":"en-US","@id":"https://gbb.bzh/#/schema/logo/image/","url":"https://gbb.bzh/wp-content/uploads/2022/07/GBB25_logo-gwenn.png","contentUrl":"https://gbb.bzh/wp-content/uploads/2022/07/GBB25_logo-gwenn.png","width":6775,"height":3905,"caption":"GBB"},"image":{"@id":"https://gbb.bzh/#/schema/logo/image/"}}]}</script>
<!-- / Yoast SEO plugin. -->

TAÑVA D'AR BREZHONEG - GBB

E GBB e vo kinniget prantadoù tañva d'ar brezhoneg, d'an derouaidi, pe tud é krogañ gant ar brezhoneg, emgav war stand Ti ar Vro Kemperle !

TAÑVA D&rsquo;AR BREZHONEG
